late the remainder when b is divided by 37.
34
Let l = 34 - 31. Suppose -4*a + 5*a + 5*k = 1, -4*a = -2*k - 26. Let f = a - l. Calculate the remainder when f is divided by 2.
1
Let o(i) = i**3 + 12*i**2 + 18. What is the remainder when (-1 - -71) + 0 + 1 is divided by o(-12)?
17
Let i = -6 - -8. Suppose i*l - 4*d - 338 = -0*d, -3*d = 5*l - 819. What is the remainder when (0 + 1)/(5/l) is divided by 17?
16
Suppose -r = -6*s + s - 9, 4*s = r - 10. Suppose -4*l + 3*p + p = 372, -3*l - 4*p - 300 = 0. Let q = -57 - l. Calculate the remainder when q is divided by r.
11
Let k(m) = -2*m - 5. What is the remainder when 25 is divided by k(-6)?
4
Suppose -25 - 1 = -u. Suppose 14*m - 16*m + u = 0. What is the remainder when 22 is divided by m?
9
Let d(v) = -v**3 + 11*v**2 + 23*v + 7. What is the remainder when d(12) is divided by 28?
27
Suppose 3 + 1 = 4*f. Suppose -2*l = -4*m + m + 13, 4*m - 24 = -4*l. Suppose 0 = -m*g + 6 - 1. What is the remainder when g is divided by f?
0
Suppose -3*k + 6 + 0 = 0. Suppose -k*r + 75 = 3*r + 3*x, -4*r = -4*x - 28. What is the remainder when (64/48)/((-2)/(-51)) is divided by r?
10
Let r(k) = -68*k - 1. What is the remainder when r(-1) is divided by 17?
16
Let w(o) = -2*o - 25. Let f be w(-12). Let c(b) = -b**2 + b + 1. Let h be c(0). Calculate the remainder when 29 is divided by 12 + f/(h/2).
9
Suppose 0 = 2*n - 2*p, 5*n + 18 = -3*p - p. Let u be 6*n*(-3)/12. Let v = u - -1. What is the remainder when 6 is divided by v?
2
Let n(r) = -21*r**3 - r**2 + 1. Calculate the remainder when n(-1) is divided by 6.
3
Suppose 8 = 3*c - z, -3*c + 1 = z - 9. What is the remainder when 10 is divided by c?
1
Let s be (6/2 - 4)*-12. Let y = s + -9. Suppose 0 = t - y. What is the remainder when 11 is divided by t?
2
What is the remainder when 70 is divided by (69/(-6) + 2)*-2?
13
Let j be (1*2)/(2/3). Suppose -r + 6*r = 30. What is the remainder when 28 is divided by j/r - (-29)/2?
13
Let w(m) = -m**2 - 8*m + 2. Let r be w(-8). Suppose -113 = -g - 4*g - 4*q, -50 = -r*g - 4*q. What is the remainder when g is divided by 8?
5
Let g be (-7 - -5) + 2 + -1. Calculate the remainder when 13 is divided by (-3)/g + -1 + 2.
1
Suppose -4*k + 16 = v, 4*k - 14 = 4*v + 2. Suppose -5*l - t + 29 = -3*t, -4*l + 5*t + 30 = v. What is the remainder when 13 is divided by l?
3
Let c(x) = 7*x**3 - x**2 - 2*x - 1. Let y be c(2). Let t = -8 + y. Suppose -3*h - 2*q - 54 = -4*h, -t = -h - q. Calculate the remainder when h is divided by 15.
14
Let h be ((1 - 1)/1)/(-2). Suppose h = a - 6 - 0. What is the remainder when 15 is divided by a?
3
Let v(m) = -m**3 - 4*m**2 - m. Let t(h) = h**3 - h**2 + h. Let d be t(0). Suppose 3*r - 5 - 4 = d. Calculate the remainder when v(-4) is divided by r.
1
Suppose -147 = -2*g + 63. Let y = 0 + 0. Suppose r + 2*r - g = y. Calculate the remainder when r is divided by 12.
11
Let s be (-10)/(-25) - 64/10. Let c be 10/3 - s/9. Suppose 0 = z - c*j - 33, -87 + 9 = -4*z - 2*j. What is the remainder when z is divided by 11?
10
Suppose -m - 2*l + 1 = -49, 3*l = 0. Calculate the remainder when m is divided by 17.
16
Let c(s) = s + 4. Suppose 2*n - 3*d + 0*d = -3, 0 = 3*d - 15. Calculate the remainder when c(n) is divided by 9/6 - 9/(-2).
4
Let k = 39 - 27. What is the remainder when 44 is divided by k?
8
Let l = -42 - -61. Calculate the remainder when 55 is divided by l.
17
Suppose 3*j - 210 = -2*j. Suppose l = -l + j. Calculate the remainder when 82 is divided by l.
19
Suppose 0 = 3*l + 1 - 70. What is the remainder when 111 is divided by l?
19
What is the remainder when 64 is divided by 13/(-3)*(17 + -20)?
12
Let s(d) = d**3 + 5*d**2 + 3*d - 1. Let l be s(-4). Suppose 160 = 4*i - l*x, 2*i - 3*i + 5*x = -57. What is the remainder when i is divided by 13?
11
Let x(g) = g**2 + 7*g + 2. Suppose -1 = -3*o + 8. What is the remainder when x(-8) is divided by o?
1
Suppose 0 = -3*r + 5*f + 7, -6*r + r + 22 = 2*f. Suppose -4*t = -z - 169, 3*t + 7*z - 138 = r*z. What is the remainder when t is divided by 4*(30/8 + 0)?
13
Suppose -v = 2*v - 2*p - 8, 5*v = 4*p + 12. Suppose 4*c = z - 22, z = -z - v*c - 4. Calculate the remainder when 17 is divided by z.
5
Suppose -3*b = -2*i + 37, -3*i - 4*b - 11 = -58. What is the remainder when 66 is divided by i?
15
Let z(c) = -2*c + 12. What is the remainder when 1*13 + 4/2 is divided by z(2)?
7
Let p(g) = -g**3 - 5*g**2 + 5*g - 6. Let v be p(-6). Suppose v = 4*c - c - 60. Calculate the remainder when c is divided by 11.
9
Let k(d) = d + 8. Let n(q) = q + 7. Let u(z) = -5*k(z) + 6*n(z). Let s be u(2). Calculate the remainder when 2/(s/(-26))*-1 is divided by 5.
3
Let q = 10 + -8. Calculate the remainder when 6 is divided by q.
0
Suppose -30*b + 32*b = 264. Calculate the remainder when b is divided by 34.
30
Let i = 192 - 174. Let l = -2 - -9. Calculate the remainder when i is divided by l.
4
Suppose 9*s - 55 = 80. Calculate the remainder when 56 is divided by s.
11
Suppose -q + c + 110 = 34, 0 = 2*q + 3*c - 167. What is the remainder when q is divided by -1 + (42/2)/1?
19
Let j = -135 - -194. Suppose -5*d + j = 19. Suppose 0*c + c = 29. What is the remainder when c is divided by d?
5
Calculate the remainder when (-207)/(-6) - (-1)/(-2) is divided by 12.
10
Let q be 2 - 1 - (1 + -3). Suppose 0*n - n + 8 = 0. Calculate the remainder when (-201)/(-9) - 1/q is divided by n.
6
Let z(g) = 2*g**3 - 9*g**2 + 6. Calculate the remainder when z(6) is divided by 29.
27
Let m(n) be the first derivative of -n**4/4 - 7*n**3/3 - 4*n**2 + 3*n - 2. Calculate the remainder when (-2 - (-4)/6)*-33 is divided by m(-6).
14
Let r = -5 + 8. Suppose r*t - 37 = 83. Calculate the remainder when t is divided by 14.
12
Let o = -6 + 2. Let z(l) = -6*l - 3. Let d be z(o). Suppose 0 = 3*w + 3*g - 36, -2*w - 4*g + d = g. What is the remainder when w is divided by 5?
3
Suppose -2*u = 4*u - 36. What is the remainder when 10 is divided by u?
4
Suppose -3*p + 0*p = -36. Let r(d) = d**3 - 13*d**2 + 13*d - 7. What is the remainder when r(p) is divided by 4?
1
Let d(h) = -47*h**2 + h. Let b be d(-1). Let s = b + 96. Suppose -s = 2*o - 5*o. Calculate the remainder when o is divided by 9.
7
Suppose -71 = -5*u + c, 20 = -5*u + 2*c + 87. Calculate the remainder when 177 is divided by u.
12
What is the remainder when ((192/(-9))/(-4))/((-6)/(-9)) is divided by 5?
3
Let t = -107 + 110. Calculate the remainder when (4 + 1)*(1 + 1) is divided by t.
1
Let t(o) = -o + 10. Suppose -2 = 2*s + 4. Let g be -2 - s/(9/30). What is the remainder when t(g) is divided by 2?
0
Let s(y) be the third derivative of -3*y**2 + 1/12*y**5 + 0 + 1/12*y**4 + 0*y + 2/3*y**3. Calculate the remainder when s(-3) is divided by 15.
13
Let v = -305 + 622. What is the remainder when v is divided by 32?
29
Suppose 16 = 4*h - 68. Calculate the remainder when 62 is divided by h.
20
Let m be (0 - 18)/(9/(-6)). Suppose -2 + m = y. What is the remainder when 37 is divided by y?
7
Let n be 4/6 - (-13)/3. Let b(a) = -2*a + 3 - 3*a + n*a + 7*a. Calculate the remainder when b(4) is divided by 11.
9
Let t(a) = -a**3 + 5*a**2 - a + 5. What is the remainder when t(-4) is divided by 14?
13
Suppose 3*s = -3*s + 804. What is the remainder when s is divided by 15?
14
Calculate the remainder when (-75)/(-7) + 8/28 is divided by 6.
5
Let f(k) = -k - 3. Let d(p) = -p - 3. Let a be d(5). Calculate the remainder when 12 is divided by f(a).
2
Let i be 4/(4/(-3)) + 26. Let s = i - -5. Calculate the remainder when s is divided by 10.
8
Let z = -2 + 19. What is the remainder when z is divided by 9?
8
Suppose l + 6 = -4. Calculate the remainder when 17 is divided by 9/(-45) - 102/l.
7
Let f(j) = j**2 + 5*j - 44. What is the remainder when f(-11) is divided by 17?
5
Let u be 794/14 + 20/70. Suppose -3*a + u = h, 2*h - 9 = -3*a + 48. Calculate the remainder when 54 is divided by a.
16
What is the remainder when 19 is divided by (-22)/(6/3)*(-2)/2?
8
Let i be (4/(-6))/(1/(-39)). Suppose 4*n + i = 70. Suppose -2*z + 46 = 4. What is the remainder when z is divided by n?
10
Suppose 0 = -h - 0*h + 47. What is the remainder when h is divided by 12?
11
Suppose 3*i - 3*y = 24, y = 3*y - 6. What is the remainder when 32 is divided by i?
10
Let j = -19 + 13. What is the remainder when (-1)/6*4 - (-835)/15 is divided by 8/(-1